{"id":34,"date":"2015-03-18T17:23:24","date_gmt":"2015-03-18T16:23:24","guid":{"rendered":"https:\/\/absilou.wordpress.com\/?page_id=34"},"modified":"2015-03-18T17:23:24","modified_gmt":"2015-03-18T16:23:24","slug":"mains-de-mort","status":"publish","type":"page","link":"https:\/\/julie-limoges.fr\/?page_id=34","title":{"rendered":"Mains de mort"},"content":{"rendered":"<div>\n<div style=\"float:right;padding-left:20px;padding-top:0;\"><img data-recalc-dims=\"1\" decoding=\"async\" src=\"https:\/\/i0.wp.com\/julie-limoges.fr\/wp-content\/uploads\/2015\/03\/illumainsdemort.jpg?w=250\" alt=\"\"  \/><\/div>\n<div style=\"overflow:hidden;text-align:justify;\">\n<p>Une naissance pour une mort, telle \u00e9tait la doctrine de l&#8217;\u00c9quilibre. Chaque jour, on m&#8217;envoyait pour ch\u00e2tier ceux qui la bafouaient. Chaque jour, je fauchais du bout des doigts pour la sauvegarder.<\/p>\n<p>Une routine am\u00e8re. Un destin que j&#8217;\u00e9tais cependant pr\u00eat \u00e0 endosser jusqu&#8217;\u00e0 la fin des temps..<\/p>\n<p>&nbsp;\n<\/p><\/div>\n<\/div>\n<div style=\"overflow:hidden;text-align:justify;min-width:400px;\">\n<span style=\"font-size:140%;color:#666;\"><b> Extrait : <\/b><\/span><\/p>\n<p><span style=\"font-style:italic;\">\u00ab Je sentis mes tripes se serrer tandis que ma main descendait vers ses cheveux d&#8217;or. Cependant, mon geste demeura s\u00fbr. Il plongea la petite fille dans une torpeur dont elle ne se r\u00e9veillerait jamais. Mon c\u0153ur ne connaissait aucun plaisir ni aucun remords, seulement une compassion honn\u00eate, \u00e0 d\u00e9faut d&#8217;\u00eatre profonde, et la satisfaction du devoir accompli.<\/span><\/p>\n<p><span style=\"font-style:italic;\">Un retour \u00e0 l&#8217;\u00e9quilibre. \u00bb<\/span><br \/>\n<\/span><\/p>\n<p>&nbsp;<\/p>\n<div style=\"overflow:hidden;text-align:justify;min-width:400px;\">\n<span style=\"font-size:140%;color:#666;\"><b>Pour d\u00e9couvrir la nouvelle : <\/b><\/span><\/p>\n<p>Vous trouverez le premier tiers de la nouvelle \u00e0 cette <a href=\"https:\/\/julielimoges.wordpress.com\/mains-de-mort\/extrait-mains-de-mort\/\">adresse<\/a> !<\/p>\n<p>&nbsp;\n<\/p><\/div>\n<p>&nbsp;\n<\/p><\/div>\n<div style=\"overflow:hidden;text-align:justify;min-width:400px;\">\n<span style=\"font-size:140%;color:#666;\"><b>On en parle : <\/b><\/span><\/p>\n<p>L&#8217;\u00e9mission <a class=\"lien\" href=\"http:\/\/online.nolife-tv.com\/emission\/#!\/45045\/reves-et-cris-35-yves-grevet\" target=\"_blank\">R\u00eaves et Cris N\u00b035<\/a>, diffus\u00e9e le 25 avril sur Nolife, a parl\u00e9 du N\u00b04 d&#8217;Etherval et de ma nouvelle. C&#8217;est \u00e0 la 19\u00e8me minute, et \u00e7a fait plaisir \u00e0 entendre. ^^<br \/>\n(<a class=\"lien\" href=\"http:\/\/online.nolife-tv.com\/\" target=\"_blank\">Nolife TV<\/a>)<\/p>\n<p>\u00ab <em>Mains de mort<\/em> de Julie Limoges d\u00e9crit une soci\u00e9t\u00e9 future o\u00f9 l&#8217;homme a acc\u00e9d\u00e9 \u00e0 l&#8217;immortalit\u00e9, mais celle-ci n\u00e9cessite un strict contr\u00f4le de la natalit\u00e9. Un mort est remplac\u00e9 par une naissance. Mais comment mourir si l&#8217;on est immortel ? Gr\u00e2ce \u00e0 un triste don. Il suffit \u00e0 son d\u00e9tenteur de toucher quelqu&#8217;un pour qu&#8217;il tr\u00e9passe aussi vite. Cela ressemble \u00e0 une mal\u00e9diction, car il ne peut toucher personne, doit donc vivre en solitaire. Une nouvelle mission pressante l&#8217;appelle. Qui a faut\u00e9 pour m\u00e9riter le tr\u00e9pas ?<br \/>\nEn usant du Je, l&#8217;auteure nous prend \u00e0 partie, nous place dans la peau du personnage, elle nous fait partager ses \u00e9tats d&#8217;\u00e2me. C&#8217;est poignant, l&#8217;histoire est fouill\u00e9e, ne laisse pas insensible et la conclusion est superbe par sa simplicit\u00e9. \u00bb<br \/>\n(<a class=\"lien\" href=\"http:\/\/www.yozone.fr\/spip.php?article17331\" target=\"_blank\">Fran\u00e7ois Schnebelen, Yozone<\/a>)<\/p>\n<p>\u00ab Dans un futur lointain, l\u2019humanit\u00e9 a fini par trouver l\u2019\u00e9quilibre. Plus rien d\u2019autre ne compte. D\u00e9sormais immortels, les hommes sont interdits de procr\u00e9er sans l\u2019assentiment de leurs dirigeants. Les enfants non puc\u00e9s sont traqu\u00e9s\u2026 et tu\u00e9s. Parmi cette population modifi\u00e9e par le temps et la science, certains \u00eatres poss\u00e8dent des pouvoirs insoup\u00e7onn\u00e9s.<br \/>\nAyant grandement appr\u00e9ci\u00e9 \u00ab La M\u00e8re des m\u00e8res \u00bb de Julie Limoges dans le n\u00b03 d\u2019Etherval \u00ab Mare Nostrum \u00bb, j\u2019attendais ce texte-ci avec impatience. Et je f\u00fbt combl\u00e9e.<br \/>\nC\u2019est un coup de coeur, ni plus ni moins. Un excellent style, une ma\u00eetrise du rythme parfaite, une intrigue rondement men\u00e9e et un monde futuriste aux allures du Meilleur des Mondes, le don en plus. Perso, j\u2019en redemande. \u00bb<br \/>\n(<a class=\"lien\" href=\"http:\/\/lamagiedesmots.be\/etherval-n4-domini-doni\/\" target=\"_blank\">La magie des mots<\/a>)<\/p>\n<p>&nbsp;\n<\/p><\/div>\n<div style=\"overflow:hidden;text-align:justify;min-width:400px;\">\n<span style=\"font-size:140%;color:#666;\"><b>O\u00f9 la trouver : <\/b><\/span><\/p>\n<p><a href=\"http:\/\/www.etherval.com\/static\/?id=store\" target=\"blank\">Revue Etherval<\/a><br \/>\n<a href=\"http:\/\/www.amazon.fr\/Julie-Limoges\/e\/B00LRYXDUC\/ref=ntt_athr_dp_pel_10\" target=\"blank\">Amazon <\/a><\/p>\n<p>&nbsp;\n<\/p><\/div>\n","protected":false},"excerpt":{"rendered":"<p>Une naissance pour une mort, telle \u00e9tait la doctrine de l&#8217;\u00c9quilibre. Chaque jour, on m&#8217;envoyait pour ch\u00e2tier ceux qui la [&hellip;]<\/p>\n","protected":false},"author":1,"featured_media":0,"parent":32,"menu_order":2,"comment_status":"closed","ping_status":"closed","template":"","meta":{"site-sidebar-layout":"default","site-content-layout":"","ast-site-content-layout":"default","site-content-style":"default","site-sidebar-style":"default","ast-global-header-display":"","ast-banner-title-visibility":"","ast-main-header-display":"","ast-hfb-above-header-display":"","ast-hfb-below-header-display":"","ast-hfb-mobile-header-display":"","site-post-title":"","ast-breadcrumbs-content":"","ast-featured-img":"","footer-sml-layout":"","ast-disable-related-posts":"","theme-transparent-header-meta":"","adv-header-id-meta":"","stick-header-meta":"","header-above-stick-meta":"","header-main-stick-meta":"","header-below-stick-meta":"","astra-migrate-meta-layouts":"default","ast-page-background-enabled":"default","ast-page-background-meta":{"desktop":{"background-color":"var(--ast-global-color-4)","background-image":"","background-repeat":"repeat","background-position":"center center","background-size":"auto","background-attachment":"scroll","background-type":"","background-media":"","overlay-type":"","overlay-color":"","overlay-opacity":"","overlay-gradient":""},"tablet":{"background-color":"","background-image":"","background-repeat":"repeat","background-position":"center center","background-size":"auto","background-attachment":"scroll","background-type":"","background-media":"","overlay-type":"","overlay-color":"","overlay-opacity":"","overlay-gradient":""},"mobile":{"background-color":"","background-image":"","background-repeat":"repeat","background-position":"center center","background-size":"auto","background-attachment":"scroll","background-type":"","background-media":"","overlay-type":"","overlay-color":"","overlay-opacity":"","overlay-gradient":""}},"ast-content-background-meta":{"desktop":{"background-color":"var(--ast-global-color-5)","background-image":"","background-repeat":"repeat","background-position":"center center","background-size":"auto","background-attachment":"scroll","background-type":"","background-media":"","overlay-type":"","overlay-color":"","overlay-opacity":"","overlay-gradient":""},"tablet":{"background-color":"var(--ast-global-color-5)","background-image":"","background-repeat":"repeat","background-position":"center center","background-size":"auto","background-attachment":"scroll","background-type":"","background-media":"","overlay-type":"","overlay-color":"","overlay-opacity":"","overlay-gradient":""},"mobile":{"background-color":"var(--ast-global-color-5)","background-image":"","background-repeat":"repeat","background-position":"center center","background-size":"auto","background-attachment":"scroll","background-type":"","background-media":"","overlay-type":"","overlay-color":"","overlay-opacity":"","overlay-gradient":""}},"jetpack_post_was_ever_published":false,"footnotes":""},"class_list":["post-34","page","type-page","status-publish","hentry"],"jetpack_sharing_enabled":true,"jetpack_shortlink":"https:\/\/wp.me\/P9nlNh-y","jetpack-related-posts":[{"id":660,"url":"https:\/\/julie-limoges.fr\/?page_id=660","url_meta":{"origin":34,"position":0},"title":"Extrait : Mains de Mort","author":"Kyvar","date":"19 October 2015","format":false,"excerpt":"Mains de Mort \u00a0 L\u2019homme s\u2019effondra d\u00e8s que mes doigts effleur\u00e8rent la peau de son visage. Il s\u2019\u00e9croula sur le sol humide, fauch\u00e9 par la mort en un instant. Crev\u00e9 en plein vol. La femme tomba \u00e0 genoux \u00e0 la vue de son compagnon \u2013 sans doute son mari \u2013\u2026","rel":"","context":"Similar post","block_context":{"text":"Similar post","link":""},"img":{"alt_text":"","src":"","width":0,"height":0},"classes":[]},{"id":136,"url":"https:\/\/julie-limoges.fr\/?page_id=136","url_meta":{"origin":34,"position":1},"title":"Extrait : La m\u00e8re de toutes les m\u00e8res","author":"Kyvar","date":"19 March 2015","format":false,"excerpt":"La m\u00e8re de toutes les m\u00e8res \u00a0 Bien avant d'atterrir sur ce monde poubelle, j'avais connu la mer, la vraie, celle qui s'\u00e9tirait jusqu'\u00e0 l'horizon, bleue et houleuse. Elle inspirait les po\u00e8tes, intimidait les marins et bravait jour apr\u00e8s jour la domination des hommes. Il m'arrivait souvent de r\u00eaver du\u2026","rel":"","context":"Similar post","block_context":{"text":"Similar post","link":""},"img":{"alt_text":"","src":"","width":0,"height":0},"classes":[]},{"id":791,"url":"https:\/\/julie-limoges.fr\/?page_id=791","url_meta":{"origin":34,"position":2},"title":"Une lutte biologique","author":"Kyvar","date":"11 March 2016","format":false,"excerpt":"Chaque jour, nous vivons dans l\u2019appr\u00e9hension du cr\u00e9puscule. Chaque nuit, le Cafard revient et nous impose sa loi. Rien ni personne ne semble pouvoir briser son r\u00e8gne de terreur. Aujourd\u2019hui pourtant, tandis que les derniers rayons du soleil s\u2019\u00e9vanouissent, un autre insecte s\u2019appr\u00eate \u00e0 passer la porte de notre prison.\u2026","rel":"","context":"Similar post","block_context":{"text":"Similar post","link":""},"img":{"alt_text":"","src":"https:\/\/i0.wp.com\/julie-limoges.fr\/wp-content\/uploads\/2016\/02\/12694839_1175123535849541_2724072638475268907_o.jpg?resize=350%2C200","width":350,"height":200},"classes":[]},{"id":1028,"url":"https:\/\/julie-limoges.fr\/?page_id=1028","url_meta":{"origin":34,"position":3},"title":"Manga : D\u00f4mu","author":"Kyvar","date":"19 March 2021","format":false,"excerpt":"Article publi\u00e9 originalement sur le site Hydralune. Je ne m\u2019en cache pas, j\u2019ai \u00e9t\u00e9 bien plus influenc\u00e9e par le cin\u00e9ma et la bande dessin\u00e9e que par la litt\u00e9rature. Alors, quand j\u2019ai d\u00fb choisir une \u0153uvre qui me tient \u00e0 c\u0153ur pour la pr\u00e9senter ici, c\u2019est naturellement vers ces m\u00e9dias que\u2026","rel":"","context":"Similar post","block_context":{"text":"Similar post","link":""},"img":{"alt_text":"","src":"https:\/\/i0.wp.com\/julie-limoges.fr\/wp-content\/uploads\/2021\/03\/Domu-reves-d-enfants.jpg?fit=400%2C560&ssl=1&resize=350%2C200","width":350,"height":200},"classes":[]},{"id":269,"url":"https:\/\/julie-limoges.fr\/?page_id=269","url_meta":{"origin":34,"position":4},"title":"Tome 1 : Le chant de Kali","author":"Kyvar","date":"20 March 2015","format":false,"excerpt":"Pitch : Seven, un futur trentenaire plus tr\u00e8s jeune ou tr\u00e8s frais, est contraint d\u2019aider quotidiennement Ash, une cr\u00e9ature du Premier Sous-monde, \u00e0 r\u00e9soudre des affaires sensibles afin d\u2019honorer un march\u00e9 de dupe dont il ne se sent pas redevable. La derni\u00e8re affaire que son partenaire de circonstance lui impose\u2026","rel":"","context":"Similar post","block_context":{"text":"Similar post","link":""},"img":{"alt_text":"","src":"https:\/\/i0.wp.com\/julie-limoges.fr\/wp-content\/uploads\/2015\/03\/DF1.jpg?fit=1072%2C435&ssl=1&resize=350%2C200","width":350,"height":200,"srcset":"https:\/\/i0.wp.com\/julie-limoges.fr\/wp-content\/uploads\/2015\/03\/DF1.jpg?fit=1072%2C435&ssl=1&resize=350%2C200 1x, https:\/\/i0.wp.com\/julie-limoges.fr\/wp-content\/uploads\/2015\/03\/DF1.jpg?fit=1072%2C435&ssl=1&resize=525%2C300 1.5x, https:\/\/i0.wp.com\/julie-limoges.fr\/wp-content\/uploads\/2015\/03\/DF1.jpg?fit=1072%2C435&ssl=1&resize=700%2C400 2x, https:\/\/i0.wp.com\/julie-limoges.fr\/wp-content\/uploads\/2015\/03\/DF1.jpg?fit=1072%2C435&ssl=1&resize=1050%2C600 3x"},"classes":[]},{"id":1038,"url":"https:\/\/julie-limoges.fr\/?page_id=1038","url_meta":{"origin":34,"position":5},"title":"Ce qu&#8217;on en dit","author":"Kyvar","date":"27 July 2017","format":false,"excerpt":"Vous retrouverez ici les critiques et articles sur le cycle Le soleil des hommes ! \u00a0 Nuit de cendres Site de Catherine Loiseau J\u2019ai eu la chance de d\u00e9couvrir ce roman en avant-premi\u00e8re, vu que je suis l\u2019une des marraines de ce tome au sein du\u00a0collectif Hydralune. Franchement, d\u00e8s les\u2026","rel":"","context":"Similar post","block_context":{"text":"Similar post","link":""},"img":{"alt_text":"","src":"https:\/\/i0.wp.com\/julie-limoges.fr\/wp-content\/uploads\/2017\/07\/SDH_cequonendit.jpg?fit=1072%2C435&ssl=1&resize=350%2C200","width":350,"height":200,"srcset":"https:\/\/i0.wp.com\/julie-limoges.fr\/wp-content\/uploads\/2017\/07\/SDH_cequonendit.jpg?fit=1072%2C435&ssl=1&resize=350%2C200 1x, https:\/\/i0.wp.com\/julie-limoges.fr\/wp-content\/uploads\/2017\/07\/SDH_cequonendit.jpg?fit=1072%2C435&ssl=1&resize=525%2C300 1.5x, https:\/\/i0.wp.com\/julie-limoges.fr\/wp-content\/uploads\/2017\/07\/SDH_cequonendit.jpg?fit=1072%2C435&ssl=1&resize=700%2C400 2x, https:\/\/i0.wp.com\/julie-limoges.fr\/wp-content\/uploads\/2017\/07\/SDH_cequonendit.jpg?fit=1072%2C435&ssl=1&resize=1050%2C600 3x"},"classes":[]}],"_links":{"self":[{"href":"https:\/\/julie-limoges.fr\/index.php?rest_route=\/wp\/v2\/pages\/34","targetHints":{"allow":["GET"]}}],"collection":[{"href":"https:\/\/julie-limoges.fr\/index.php?rest_route=\/wp\/v2\/pages"}],"about":[{"href":"https:\/\/julie-limoges.fr\/index.php?rest_route=\/wp\/v2\/types\/page"}],"author":[{"embeddable":true,"href":"https:\/\/julie-limoges.fr\/index.php?rest_route=\/wp\/v2\/users\/1"}],"replies":[{"embeddable":true,"href":"https:\/\/julie-limoges.fr\/index.php?rest_route=%2Fwp%2Fv2%2Fcomments&post=34"}],"version-history":[{"count":0,"href":"https:\/\/julie-limoges.fr\/index.php?rest_route=\/wp\/v2\/pages\/34\/revisions"}],"up":[{"embeddable":true,"href":"https:\/\/julie-limoges.fr\/index.php?rest_route=\/wp\/v2\/pages\/32"}],"wp:attachment":[{"href":"https:\/\/julie-limoges.fr\/index.php?rest_route=%2Fwp%2Fv2%2Fmedia&parent=34"}],"curies":[{"name":"wp","href":"https:\/\/api.w.org\/{rel}","templated":true}]}}